*o**2 + o - 1 + 3*o**2. Calculate k(4).
3
Let s(i) be the third derivative of -1/120*i**6 - 1/4*i**4 + 0*i + 1/10*i**5 + 0 + 1/3*i**3 + 2*i**2. Let b = 13 + -8. Determine s(b).
-3
Let i(o) = o**3 + 2*o**2 - 5*o - 6. Suppose 56 = -3*h + 44. Give i(h).
-18
Let h(n) = n**2 + 5*n - 1. Let c be (-1)/((-7)/(-21)) - 1*3. Determine h(c).
5
Let j be 4/((-2)/(-4)*2). Let i(z) = -4*z + 0 - 2*z + z**2 - 1. Determine i(j).
-9
Let d(z) = -z + 2. Suppose -5*h - 3*f + 21 = -2*h, 9 = 3*f. Let w be h/(-20) + (-3)/(-15). Determine d(w).
2
Let f(p) be the second derivative of -4*p**3/3 + 3*p. Let i be 15/(-5)*(-2)/6. What is f(i)?
-8
Let c = -8 + 5. Let v(t) = -t**3 - 3*t**2 - t + 4. What is v(c)?
7
Let i(p) = 8*p + 2. Let m(a) = 8*a + 3. Let q be (-1)/(-1 - 16/(-20)). Let b(z) = q*m(z) - 6*i(z). Calculate b(2).
-13
Let g(y) = -y - y**2 + 0 + 1 - 5. Let m = 171 + -171. What is g(m)?
-4
Let f(m) = -10*m - 22. Let r be f(-2). Let i(s) = s + 4. What is i(r)?
2
Suppose 2*m + 20 = 6*m. Let f(a) be the second derivative of -a**3/6 + a. Determine f(m).
-5
Let g(z) = z**3 + 3*z**2 + 4*z + 7. Let y be g(-3). Let o(k) = -k**2 - 4*k + 3. Give o(y).
-2
Suppose 2*g + 7 = -5*a, -4*a - a - 1 = -4*g. Let w be ((-3)/(-6))/(g/(-2)). Let t(k) = -4. Let r(f) = -f + 1. Let v(b) = 5*r(b) + t(b). Calculate v(w).
-4
Let l(u) be the third derivative of -u**6/120 + u**4/8 + u**3/6 - 22*u**2. Calculate l(-2).
3
Let o(m) = -m - 3. Let q be o(-7). Let a(y) be the first derivative of -y**3/3 + 7*y**2/2 - 5*y - 8. Give a(q).
7
Let b = -9 + 11. Let i(n) = 6 - 3 + 0*n - 3*n. Determine i(b).
-3
Suppose 0 = 4*x - 5*x + 1. Let g = x - 1. Let z(s) = 4 - 6*s + 4*s + 3*s. Determine z(g).
4
Let v(y) be the first derivative of -y**5/20 + y**3/3 - 3*y**2/2 - 3*y - 6. Let n(t) be the first derivative of v(t). Let x = 1 - -1. Calculate n(x).
-7
Let b(m) = 3*m**2 - 10*m - 2. Let x(s) = 13*s**2 - 42*s - 9. Let h(z) = -9*b(z) + 2*x(z). Suppose 0 = -2*l - 3*l + 30. Give h(l).
0
Let z(n) be the first derivative of 2*n**2 - 2*n + 369. Suppose -i = 3*o - 10, -3*o - 5*i + 18 = -4*o. Give z(o).
6
Let n(f) be the third derivative of f**4/24 + 11*f**3/6 + f**2. What is n(0)?
11
Let f(k) = -k**2 - 11*k + 1. Let o(q) = -q**2 - 10*q + 1. Let v(d) = -3*f(d) + 4*o(d). Determine v(-6).
7
Let f(c) = 2*c - 1. Suppose 4*d = 2*d + 6. Determine f(d).
5
Let j(a) = -a**3 + a**2 + 6. Suppose 4*k + 5*w = -20, -4*k = -k - 3*w - 12. What is j(k)?
6
Let w(y) = y - 6. Let h(g) = g**3 + 11*g**2 - 13*g - 18. Let t be h(-12). Calculate w(t).
-12
Suppose 5*b = 3*b. Let a(y) be the first derivative of -1/4*y**4 + 4*y - 1/3*y**3 + 9 - 1/2*y**2. What is a(b)?
4
Let c = 1 - 3. Let v(u) = 3*u**2 + 1 + 3*u**2 + 2*u**3 + 2*u - u**3 - 4*u**2. Calculate v(c).
-3
Suppose 4*v + f = 4*f - 2, -5*f + 7 = -3*v. Let l(a) = 6*a**3 - a**2 + a. Determine l(v).
6
Suppose 5*u - 11 = 9. Let i be (2 - u)/(-4 - -3). Let c(v) = v + 2. Calculate c(i).
4
Let w(l) = -2 + 11*l - 19*l + 6 + 9*l. Give w(4).
8
Let u(o) be the first derivative of o**5/30 + o**4/12 + o**3/6 - o**2/2 + 1. Let s(g) be the second derivative of u(g). Let l = -11 - -9. Determine s(l).
5
Let q(c) = 8*c**2 + c - 4. Let m(y) = 7*y**2 + y - 4. Let i(r) = 7*m(r) - 6*q(r). Give i(-3).
2
Let p(x) be the second derivative of -x**4/12 - x**3/3 + 2*x**2 + 2*x. Calculate p(-4).
-4
Let r(h) = 8*h - 1. Let q(l) = -17*l + 3. Let n(v) = -2*q(v) - 5*r(v). Suppose z + 3 + 2 = 0. Let m(c) = 5*c + 1. Let w(a) = z*m(a) - 4*n(a). Determine w(-5).
4
Let y(s) = -2*s**3 - 9*s**2 + s + 1. Let l(z) = z**3 + 8*z**2 - 2*z - 1. Let w be 2/2*(-6 + 3). Let b(h) = w*l(h) - 2*y(h). What is b(5)?
-4
Let p(y) = -y**3 - 7*y**2 - 10. Let k(j) = 2*j**3 - 12*j**2 + 11*j - 12. Let l be k(5). Determine p(l).
-10
Suppose 0 = f + 2*h - 6*h, 0 = 5*f - h. Suppose 4*p + f*p = -28. Let m(v) = -v**2 - 8*v - 7. Determine m(p).
0
Suppose x = 5*j - 16, 3*x - 1 = -5*j + 11. Let i(d) = -4*d**2 - 7*d - 4. Let b(z) = -z**2 - z - 1. Let k(n) = 5*b(n) - i(n). Determine k(j).
-4
Let x(z) = -2*z**3 + 10*z**2 - 11*z + 8. Let y(k) = -k**3 + 5*k**2 - 6*k + 4. Let n(c) = -4*x(c) + 7*y(c). Determine n(4).
-12
Let f(c) = c**3 + 5*c**2 + c + 7. Let n be (6/(-9))/((-2)/3). Suppose 2*s - j + n = -4, 5*s - 2*j + 15 = 0. Give f(s).
2
Let m(k) = 11*k**2 - 1. Let q be 10/15 - 2/(-6). Suppose -2*r + r + q = 0. What is m(r)?
10
Let o(v) = v**2 - 5*v + 7 - 29 + 16. Suppose 0 = -0*j + 4*j - 24. Calculate o(j).
0
Suppose -3*h = -6*h - 15. Let a = -1 - h. Let c(w) = 3*w**2 + w + 3. Let s(b) = -b**2 - b - 1. Let x(g) = 2*c(g) + 5*s(g). What is x(a)?
5
Let w(z) = 6*z**2 + z + 4. Let d(a) = -5*a**2 - a - 3. Let k(v) = 5*d(v) + 4*w(v). Let o be 4 + -2 + -1 - 1. Calculate k(o).
1
Let t(y) = -2*y**2 - y + 0*y**3 + y**3 + 2*y. Let x be t(1). Let h(u) = -u - 10. Determine h(x).
-10
Let k(l) be the third derivative of -l**4/24 - 7*l**3/6 - l**2. Let n be k(-3). Let d(v) = v + 3. What is d(n)?
-1
Let l be 4 + -1 + (-6 - -5). Let c(i) = -1 - 5*i**2 - i**l + i**3 + 3*i + i**2. Let n(g) = -g**3 + 3*g + 2. Let t be n(-2). Give c(t).
-5
Suppose -2*l - 1 + 5 = 0. Let m(x) = 4*x**l - 2*x**3 + x**3 - 4 + 2*x**3 + 3*x. Determine m(-3).
-4
Let w(r) = -11*r**3 - 17*r**2 + 8*r + 1. Let u(c) = 3 - 5*c + 7*c**3 - 6 + 11*c**2 + 2. Let k(o) = -8*u(o) - 5*w(o). Give k(-3).
3
Let c = -2 - -5. Let j(g) = c*g + 1 - 5*g + 5*g + g**2. Suppose 3*y + 15 = -3*h, -2*y - 3*h - 4 = 9. Determine j(y).
-1
Let u(t) be the first derivative of t**4/6 - t**3/6 + t + 4. Let v(z) be the first derivative of u(z). Let j = 2 - 0. Give v(j).
6
Let q(l) be the third derivative of -l**5/60 + 5*l**4/24 - l**3 - l**2 - 3. Let p be 8/5*10/4. Give q(p).
-2
Suppose -2*q - 2*n + 14 = -q, -5*q + 25 = -5*n. Suppose -3*a + q = -4. Let l(z) = 4*z**3 - 4 - 4*z**3 + 2*z + z**3 - 4*z**2. Calculate l(a).
4
Let k(j) be the third derivative of -j**7/1680 + j**6/180 - j**5/30 + 2*j**2. Let y(n) be the third derivative of k(n). Let r = -7 + 11. Determine y(r).
-8
Let a(x) = -10*x**2 + 8*x - 6. Let h(v) = -v**2 + v - 1. Suppose 0 = -3*y - 0*y + 24. Suppose y = -2*j - 8. Let t(u) = j*h(u) + a(u). Determine t(-2).
-6
Let c(h) = 5*h**2 + 4*h - 1. Let p(b) = 5*b**2 + 5*b - 1. Let o(x) = -4*c(x) + 3*p(x). Give o(1).
-5
Let s be ((-6)/(-4))/((-9)/12). Let a = -2 + s. Let d(u) = -u + 2. Let m(f) = 1. Let g(i) = d(i) - 4*m(i). Give g(a).
2
Let b be (-117)/21 + (-16)/(-28). Let x(v) = v**3 + 6*v**2 + v - 6. What is x(b)?
14
Let g be 2/4*2*-2. Let f(b) = -b**2. Let m(i) = i**3 - 6*i**2 - i. Let r be ((-18)/7)/3*7. Let u(p) = r*f(p) + m(p). What is u(g)?
-6
Let x = -41 - -44. Let c(q) = -q**3 + 4*q**2 + 4*q - 4. What is c(x)?
17
Let y(j) = 5*j**2 + j + 6. Let k(f) = -9*f**2 - 3*f - 11. Let r(g) = 3*k(g) + 5*y(g). Calculate r(-2).
-3
Let c(p) = 5*p**2 + 43 - p**3 - 2*p + 0*p**3 - 3*p**2 - 39. Give c(3).
-11
Suppose -5*v - m - 1 = -2*m, 0 = 2*v - 2*m - 6. Let w(j) = 7*j**3 + 2*j + 1. Calculate w(v).
-8
Suppose -4*l + 3*s + 44 - 10 = 0, 2*l - 3*s - 20 = 0. Let z(u) = u**2 - 7*u - 2. Give z(l).
-2
Let j(b) = -1 + 5 + 7*b - 4. Let w(m) = m. Let t(l) = j(l) - 3*w(l). Calculate t(-1).
-4
Let w(x) be the third derivative of x**5/60 + 7*x**4/24 - x**3/6 - x**2 - 2. Give w(-7).
-1
Let t(l) = -7*l**3 - 10*l**2 - 15*l - 2. Let j(b) = -3*b**3 - 5*b**2 - 7*b - 1. Let d(w) = 5*j(w) - 2*t(w). Calculate d(-4).
3
Let k(b) be the second derivative of -b**5/20 - b**4/24 + b**3/2 + 2*b. Let s(o) be the second derivative of k(o). Calculate s(-1).
5
Let k(s) = -3 - 6*s**2 + 9 + 2*s + 2*s**3 - s**3. Let q be 3 + (-4)/(2 - 1). Let z be 8*q/(-2) - -1. Give k(z).
-9
Suppose 24 = -5*s + 4*i, -4*s - 9 = 4*i + 3. Let p(v) = v**2 + 4*v - 1. Give p(s).
-1
Let o(f) = f**2 + 4*f - 5. Let t(w) = 3*w**2 + 13*w - 15. Let c(k) = 17*o(k) - 6*t(k). Calculate c(-10).
5
Let i = 12 + -11. Let q(j) = -4*j**3 - j**2. Give q(i).
-5
Let t(q) be the third derivative of q**6/120 + q**5/60 + q**4/24 + 7*q**3/6 + 11*q**2. Calculate t(0).
7
Let x(q) = -q**3 - q**2 + 2*q + 2. Suppose 2*p - 13 = a - 1, -4*a = -4*p + 32. Suppose -p*y = -2*y + 4. Calculate x(y).
2
Suppose -2*w = 6*w - w. Let v(a) = a**2 - 2 - 4 - 2. What is v(w)?
-8
Let u(f) = -7*f**3 - 2*f**2 + 3*f - 4. Let q(w) = w**3 - w + 1. Let a(z) = 4*q(z) + u(z). Let b be (-4)/10 - (-6)/(-10). What is a(b)?
2
Suppose f = 8 - 6. Let k(b) = -3*b